-1. Suppose -28 = m*y - 6*y. Does 5 divide y/4 - (-3)/2?
True
Suppose -4*l = -5*g + 141, 3*g = 9*l - 4*l + 95. Is 15 a factor of g?
False
Suppose 9 = 5*f - 1. Suppose -f*l + 32 = w, -w - 4*l = -12 - 24. Is 17 a factor of w?
False
Does 19 divide (0 + 6/4)*38?
True
Is 17 a factor of (-4)/7 - 2730/(-147)?
False
Let g = 174 + -111. Is 9 a factor of g?
True
Suppose -225 = -5*a - 5*m, -a = -4*m + 3*m - 41. Does 4 divide a?
False
Suppose -412 = -3*q + 5*x, 2*q - 4*x - 272 = -0*q. Is q a multiple of 9?
True
Suppose 3*k + 154 = 4*o, 2*o + 5*k - 34 = 30. Is 12 a factor of o?
False
Let t = 3 - 3. Suppose 0 = -2*g - t*g + 180. Suppose -5*r + 80 = 2*u, -3*r + g = -4*u + 16. Does 16 divide r?
False
Suppose -5*x = -4 - 16. Suppose 3*w - 6*w + 70 = 5*l, x*w - 48 = -4*l. Does 7 divide l?
False
Is 15 a factor of ((-221)/39)/((-1)/3)?
False
Suppose 2*y - 6*s + 2*s = 120, 0 = 2*y + 4*s - 152. Suppose -c + y = c. Is 17 a factor of c?
True
Let v(a) = a**3 + a**2 - a + 1. Let y be v(1). Let p = -2 - y. Does 9 divide (-141)/(-9) + p/6?
False
Suppose -4*x + 36 + 200 = 0. Is 20 a factor of x?
False
Let b(t) = t**3 - 3*t**2 - 6*t - 6. Suppose 5*o = o + 20. Does 8 divide b(o)?
False
Let r be 2*(-3)/(-6) + 45. Suppose -2*k - r = -5*c + 122, -4*k + 112 = 4*c. Is c a multiple of 10?
False
Suppose 3*c - 2*x - 758 = 0, c = -0*x + 2*x + 258. Is c a multiple of 28?
False
Suppose 239 = 4*u + l, 2*l - 3 = -5. Suppose -o - 3*o - u = 0. Let f = o - -30. Is f a multiple of 10?
False
Let j(k) = 184*k - 186*k - 2 - 12. Does 20 divide j(-17)?
True
Let k = -175 - -313. Is 23 a factor of k?
True
Suppose 3 = -k - 0. Let z(m) = 3*m - m**3 - 3 - 1 + 3. Is 17 a factor of z(k)?
True
Let o be 1 - (1 - 7/1). Let z be o*(-3 - -2)*-7. Suppose 0 = -5*l - 2*v + z, 5*v = -3*l + 5*l - 8. Is 7 a factor of l?
False
Let o(w) = -w**3 + 5*w**2 + 8*w - 3. Let p be o(6). Let z be ((-7)/(-21))/(1/p). Suppose 0 = 2*v - 3*v + z*j + 15, v = 2*j + 17. Does 11 divide v?
False
Let v(a) = a**3 + 2*a**2 - 2*a - 2. Let k be v(-4). Suppose 0*b + 18 = -3*b. Let p = b - k. Does 10 divide p?
True
Let u(r) = 3*r**2 - 7*r + 11. Let l(g) = -g**2 + 4*g - 5. Let t(v) = -5*l(v) - 2*u(v). Does 4 divide t(-3)?
True
Suppose d + h = 0, 5*h = -2*d - d. Suppose -4*b = -z + 22, d = -5*b - 5 + 30. Is z a multiple of 12?
False
Suppose 20 = -5*j, 4*j - 26 = 2*x + 48. Does 14 divide ((-14)/(-6))/((-3)/x)?
False
Suppose 3*s - 140 = -2*s. Let p = s + -20. Does 3 divide p?
False
Suppose -5*m = -2*m - 231. Is m a multiple of 11?
True
Let r be (-6)/21 + (-885)/(-35). Does 25 divide 15/r - 724/(-10)?
False
Suppose -2*t + 92 = 396. Let u = t - -317. Suppose -2*j - 3*j + u = 0. Does 11 divide j?
True
Let i(b) be the third derivative of b**5/30 - b**4/8 - b**3/3 + 6*b**2. Let d be 1/(5/3 + -2). Is i(d) a multiple of 11?
False
Let t be (-54)/7 + (-4)/14. Let m be 2/t - (-1)/4. Suppose m = 2*p + p - 75. Is 11 a factor of p?
False
Suppose 0 = -10*l + 15*l - 115. Is 17 a factor of l?
False
Let q = -73 - -109. Is q a multiple of 16?
False
Let g(o) = -o**3 - o**2 - o + 37. Is g(0) a multiple of 7?
False
Let j = -24 - -28. Suppose 3*c - 20 = -2*b, -3*b = j*c + b - 20. Does 5 divide c?
True
Let o = 1 + 3. Suppose 5*y - 2*g - 158 = 0, 132 = o*y - 4*g + 8. Does 17 divide y?
False
Let n = -8 - -10. Let k be 3 - (3/1 - n). Suppose 49 = k*u + 21. Is u a multiple of 6?
False
Let s be (-1)/((-3)/(3 + 30)). Suppose 4*o + 4*j - 8 = 0, 5*j + 0 + s = 2*o. Is o a multiple of 2?
False
Let h(k) be the third derivative of k**4/8 + k**3/6 + 3*k**2. Is h(6) a multiple of 17?
False
Let b(d) = -5*d - 2. Let f be b(-1). Suppose -3*a = -9 + f. Does 2 divide a?
True
Let m(x) = -x**3 - 16*x**2 - 2*x - 23. Let h be m(-16). Is 6 a factor of (-1 - 5)*(-15)/h?
False
Let x = 63 + -31. Is x a multiple of 16?
True
Suppose 4*n + 3*i - 25 = -n, -3*i = -15. Let t be -3*n*33/9. Let b = t + 38. Is b a multiple of 8?
True
Suppose 0 = 2*z - 5*h - 2, -z - 2*z = -5*h + 7. Let t = -5 - z. Suppose 17 + 27 = t*u. Does 7 divide u?
False
Let t = -15 - -39. Does 12 divide t?
True
Suppose -2*w + 54 = 10. Suppose -5*r - 2*d + 6 = -w, 0 = -4*r + 5*d - 4. Suppose -r*l = l - 90. Does 9 divide l?
True
Suppose 2*m = -0 + 10. Let z = 282 - 194. Suppose p - m*p = -z. Is 11 a factor of p?
True
Suppose -7 = -2*j - 5*d, -5*d - 74 = -5*j - 4. Does 6 divide (12 - j)*(1 + 11)?
True
Let r be (-2 - -13)/((-5)/(-15)). Suppose -r - 147 = -5*x. Suppose 2*h = 2 + x. Is h a multiple of 9?
False
Is 3/6*(12 - -14) a multiple of 5?
False
Let p(v) = -v + 14. Let u be p(12). Let c be 5*2*(-1)/(-2). Suppose u*j = c*j - 51. Does 17 divide j?
True
Is 19 a factor of (-4)/10 - 528/(-20)?
False
Suppose 3*t - 18 = -0*t. Suppose -4*m = -2*c + 56, c - 28 = -0*c + 5*m. Suppose -h = -5*n + c, -t*n = -2*n + 2*h - 14. Is n a multiple of 5?
True
Is (-41 + 1)*(-3 - -1) + 2 a multiple of 41?
True
Suppose -9*t + 10*t = 9. Suppose -4*h + 65 = t. Is h a multiple of 4?
False
Let s(o) = -6*o - 1. Let v be 3*((-10)/6 + 1). Is s(v) even?
False
Suppose 11 - 29 = -9*p. Is p a multiple of 2?
True
Let k(g) = -g**2 - 3. Let y be k(0). Let l(b) = -2*b - 3*b**3 - 9 - 4*b**2 + 12 + 4*b. Does 21 divide l(y)?
True
Suppose 6*c - 48 = 2*c. Let s be (c/5)/(2/20). Let o = s - 11. Does 6 divide o?
False
Let r(k) = 2*k**2 + 6*k + 4. Let w be r(-8). Let m = w + -35. Is 17 a factor of m?
False
Let p = 16 + -10. Does 15 divide (-272)/(-6) - 2/p?
True
Suppose -2*p - 5 = -3, -3*p = -4*l + 7. Suppose 0 = -2*x + 3 - l. Does 4 divide (13 - 1)/(0 + x)?
True
Suppose 0 = a - 0*a - 25. Suppose 0 = k + 1, 0 = -4*c - 0*k + 5*k + a. Suppose c*j = 2*j + 105. Is 14 a factor of j?
False
Suppose -44 = 2*g - 176. Is 11 a factor of g?
True
Let n(j) = j**3 + 2*j**2 + j. Let s be n(-1). Suppose -4*l + 0*l + 12 = s. Is -18*((-8)/l + 2) a multiple of 6?
True
Suppose 6*a + 40 - 394 = 0. Does 59 divide a?
True
Suppose 2*p - 3*w + 0*w = 14, -w - 38 = -4*p. Let j be p/(-4)*(1 + -3). Suppose -21 = -j*l + 39. Is l a multiple of 6?
True
Suppose 90 = -2*w + 5*w. Does 18 divide w?
False
Let l(j) = 45*j**2. Is l(1) a multiple of 19?
False
Let t(a) = -a - 16. Let k be t(-15). Let i be 69/(-15) + 4/(-10). Does 9 divide 218/10 + k/i?
False
Suppose 6*q = 3*q + 63. Let s be (-6)/q + 340/14. Suppose f + 38 = 3*o, o = -o + f + s. Is o a multiple of 14?
True
Let l(u) = u - 5. Let b be l(-5). Let f = -2 + -2. Is 360/25 - f/b a multiple of 7?
True
Is 76 + (4/(-16))/((-1)/(-4)) a multiple of 15?
True
Suppose 3*h = -5*t + 2 + 1, -5*t - 5*h + 5 = 0. Let c be t - -88 - (-1)/(-1). Let f = c - 54. Does 15 divide f?
False
Suppose -v - 6 = -3*v. Suppose v*h = -3*s - 2*h + 7, 2*h = 5*s - 22. Suppose 5*a = s*a + 3. Does 2 divide a?
False
Suppose 0 = 2*h - 8. Suppose -4*w - 2 = -2*k, -k + 1 = -h*w + 3*w. Does 7 divide k/(-1) - (2 + -10)?
True
Let i(u) = u + 6. Let y be i(-7). Suppose -2*c + 12 = 2*c. Is (c + y)*57/6 a multiple of 10?
False
Suppose p + 4 = 3*w, 5*p + 0*w - 20 = -5*w. Suppose 3*r + 4 = 2*u, p*u + 3*r = -0 + 4. Suppose -u*b = -71 + 15. Is b a multiple of 11?
False
Let i(a) = 1 + 2*a - 4*a**2 + 5*a**2 + a**2. Let o be (3 + 1)*(-9)/(-18). Is 13 a factor of i(o)?
True
Let x(i) = i + 3. Does 10 divide x(7)?
True
Suppose -42 - 109 = -3*i + 4*x, 3*i - x = 148. Suppose 3*z - i = -10. Is 13 a factor of z?
True
Let c be (26/4)/(8/16). Suppose -3*t + c = -5*d - 35, -5*t + 80 = -2*d. Is 8 a factor of t?
True
Let j(p) = 2*p + 3. Let i be j(-4). Let b = 2 + -3. Is 1 + (0 + b)*i a multiple of 6?
True
Suppose 5*d = -5*g + 280, 2*g - 5*g + 62 = d. Let z = d - 38. Is z a multiple of 6?
False
Let t(d) = d**2 + 9*d + 15. Let b be (8/10)/(1/(-10)). Does 7 divide t(b)?
True
Let o(m) be the second derivative of 3*m**5/4 - m**4/12 - m**3/6 + m**2/2 + 4*m. Let a = 4 + -3. Is o(a) a multiple of 7?
True
Let k(c) = -13*c + 11. Let f(m) = -38*m + 32. Let a(j) = -6*f(j) + 17*k(j). Is a(4) a multiple of 7?
False
Suppose 0 = -7*y + 900 + 276. Does 9 divide y?
False
Let u = 178 + -275. Let b = 175 + u. Is 13 a factor of b?
True
Let m = -46 + 95. Is 22 a factor of m?
False
Let p = 0 + -3. Let b = p - -6. Suppose 35 + 22 = b*j. Is 19 a factor of j?
True
Is (24/(-42))/(-2) - 1256/(-14) a multiple of 18?
True
Suppose 0*s = -3*s - 36. Let m = 17 + s. Suppose -t + m*t = -r, 2*r - 6 = -5*t. Is r a multiple of 3?
False
Suppose 5*r = 8*r -